38 - -39. Let o = y + 572. Suppose -g + 1755 - o = 0. Is g composite?
True
Suppose -16 = -11*c + 28. Suppose 5*o - c*j - 198887 = 0, 5*j = 5*o - 0*j - 198885. Is o a prime number?
True
Let m(a) = a + 3. Let x be m(2). Suppose i = 58 + x. Let u = i - -16. Is u prime?
True
Let l(v) = 9*v**2 - 4*v - 47. Let j be l(8). Suppose 0 = -3*i + j + 1012. Is i composite?
False
Let k(g) = 158*g**2 - 1 - 22 + 372*g**2. Is k(-4) composite?
True
Let s = 3398 + -2191. Is s a composite number?
True
Let f = -3729 - -43388. Is f composite?
False
Let g = 993198 + -631437. Is g prime?
False
Suppose -17*s + 272 + 153 = 0. Suppose -s*g = -21*g - 41708. Is g a composite number?
False
Suppose -2*o - 4*z = -8, 0 = 3*o - 2*z + 4. Suppose o = 2*r - 26*r + 55608. Is r prime?
False
Let i be (12 - 0) + 10/((-10)/(-3)). Suppose -411 = -i*w + 894. Is w prime?
False
Suppose -l - 2949 = -w, -3*l = 5*w - 5*l - 14742. Is w - 11 - (-2 - 0) a composite number?
False
Suppose a + 2*a + 9 = 3*l, -4*l = 2*a + 12. Let i be (-1 - -9)*(a + (-76)/(-16)). Suppose i + 19 = -5*u, -4*j - 3*u = -3389. Is j prime?
False
Suppose 5*o = 5*i + 164950, 8*o - 5*o - 98973 = 4*i. Is o a composite number?
False
Is 2/(-12)*60/30 - (-551302)/3 a composite number?
True
Suppose 2*i - 11 + 1 = 0. Suppose 38*n - 36*n = 2*h - 20, 5*h + 2*n - 15 = 0. Suppose -10*x - 15336 = -4*j - h*x, i*j + x = 19141. Is j a prime number?
False
Let s(d) = 63120*d**2 + 158*d + 485. Is s(-3) a prime number?
True
Suppose -29*i + 31*i = 100. Suppose -55*w + 2265 = -i*w. Is w prime?
False
Suppose -27*d + 785621 = -0*d + 10*d. Is d a composite number?
True
Let r = 21471 + 70246. Is r prime?
False
Suppose -8*p = -5*p - 78. Let y = -26 + p. Suppose y = 5*s + 319 - 764. Is s a composite number?
False
Let t = 183456 - 40637. Is t a prime number?
False
Let y = 122 - -260. Let m = y + -131. Is m composite?
False
Let g be ((-4)/(-6))/(3/2700). Let x(a) = a**3 - 27*a**2 + 11*a + 392. Let t be x(26). Suppose 186 = t*h - g. Is h a prime number?
False
Let s be (-123)/(-1) + 8 + -5. Suppose -s*k = -123*k. Suppose k = 4*l - m - 43649, m + 8512 = -3*l + 41254. Is l a prime number?
False
Suppose -4*x + 171 = -2*m - 211, 2*x = -5*m + 185. Let i = 466 - x. Is i prime?
False
Suppose 0*u - 7266 = 3*u. Let d = u - -5792. Suppose s - 6*s + d = 0. Is s composite?
True
Let p(w) = w**3 + 25*w**2 + 19*w - 28. Let n = 172 - 191. Is p(n) prime?
True
Is 1*16 + 197016 + 25 prime?
False
Suppose 0*t + 8 = 3*t - 2*w, 0 = -4*t + 2*w + 8. Suppose b - 5271 = -5*y, t*b = 3*b - 5*y - 15733. Is b prime?
False
Suppose 269 = 2*b + 3*d, -5*b - d + 701 = -3*d. Let i = 448 - b. Suppose 16 - 73 = -k - 2*l, -5*k = 4*l - i. Is k composite?
True
Let h = -407 - -519. Is (-38)/((h/(-7432))/7) prime?
False
Let m(a) = 222*a**3 + 4*a**2 + 8*a - 23. Is m(4) a composite number?
False
Suppose -6*x + 39882 = -4584. Is x a prime number?
True
Let o = -1546436 - -2459067. Is o prime?
True
Suppose -23 + 3 = 5*u. Let a be (-6)/u*(-20)/(-6). Suppose 0 = -x + 5*s + 31, 5*x + 31 = a*s + 146. Is x composite?
True
Let u be (-4*(-4)/64)/(2/16). Suppose -x + s = 0, 6*x + u*s - 12 = 5*x. Suppose -v = 5*z - 7357, -z + x*v = -1175 - 288. Is z a prime number?
True
Let k(t) = -t**2 + 0 - 13*t - 3 + 0. Let r(x) = -12*x - 441. Let l be r(-36). Is k(l) a prime number?
False
Suppose -23*l - 4*l = 0. Suppose l = 5*o - 12404 + 3429. Is o prime?
False
Let h(p) = 5411*p**2 + 164*p - 68. Is h(-7) a prime number?
False
Let k(a) = -9*a - 18. Let z be k(-4). Let n(f) = -f**2 + 18*f + 4. Let j be n(z). Suppose 0 = j*y - 2640 - 1156. Is y a composite number?
True
Let g(t) = -84*t**3 + 10*t - 3. Let j be g(4). Let f = 9766 + j. Is f a composite number?
True
Let x(a) = -3*a + 10. Let f be x(1). Suppose -50307 + 4366 = -f*s. Is s a composite number?
False
Suppose -4*r + y + 28 = -61, -r - y = -26. Suppose -10*f = -r*f + 46943. Is f a prime number?
False
Suppose -89*z = -299232 - 168107. Is z a prime number?
False
Suppose 0 = 16*n - 1478755 - 480301. Is n a composite number?
True
Let l = 276 + -224. Suppose -l*i = -44*i - 21064. Is i a prime number?
True
Suppose -p + 612 = -2*z, 3*p = -p + 4*z + 2452. Is (638/(-22))/((-2)/p) a prime number?
False
Suppose -5*m + 2*k + 28062 = -4663, 19626 = 3*m - 3*k. Is m prime?
True
Let h = 191 + -188. Suppose -h*z = -4*c + 228 - 3809, -12 = -3*c. Is z prime?
False
Let r(y) = y**3 + 17*y**2 - 39*y - 24. Let i be r(-19). Let t = i - -279. Is t composite?
True
Let x(g) = -g**3 - 31*g**2 + 472*g + 169. Is x(-81) prime?
True
Let z(f) be the first derivative of -f**4/4 - 6*f**3 + f**2/2 + 19*f + 27. Let x be z(-18). Suppose 0 = -5*d - 2*k + 7553, -k - x = -0. Is d a composite number?
False
Is ((-88)/(-66))/(4/14109) prime?
True
Let m be (-2)/(-8) - ((-1309935)/60)/11. Let y = 194 + m. Is y a prime number?
True
Suppose -11*x = -6*x - 15*x + 1328090. Is x a prime number?
False
Let j(q) = 2260*q**2 + 2*q + 17. Is j(-4) a composite number?
True
Is 26053/2*((62 - 30) + -18) composite?
True
Let a(m) = 2*m**2 - 16*m + 17. Let k be a(7). Suppose 2*r = -4*u + 6394, 3*u - 3193 = k*r - 4*r. Is r a composite number?
True
Suppose 2*d - 1 = 1, -2*z + 15 = d. Let h be (-6)/(0 + -5 + z). Let y(a) = 443*a**2 - 10*a - 10. Is y(h) a prime number?
True
Suppose 8*w = 53555 + 3853. Is ((-2)/6 + w/9)*11 a prime number?
False
Suppose 0 = -28*h + 32*h - 22000. Suppose -12645 = -5*v + h. Is v composite?
True
Let w(v) = 5120*v + 2561. Is w(60) a composite number?
True
Let g = 53949 + -27862. Is g a composite number?
True
Suppose 161375 = -21*m + 23*m - f, 0 = -4*f - 4. Is m composite?
False
Let o(r) = -r**2 - 5*r - 5. Let w be o(-7). Let i = w + 40. Is i composite?
True
Let z(d) = d**3 + 16*d**2 + 25*d - 30. Let j be z(-14). Is (-986)/(-3*(j/(-9) + 2)) a prime number?
False
Suppose 0 = 7*k + 34 + 8. Let j be (-11)/(-2) + 9/k. Suppose -5335 = -5*y - x, -j*y - 1322 = 2*x - 5590. Is y a prime number?
False
Suppose 0 = -57*a - 77*a + 24*a + 2518010. Is a composite?
True
Let i = -245232 + 371395. Is i prime?
False
Let f(b) be the first derivative of -6*b - 7 - 65/2*b**2. Is f(-4) composite?
True
Suppose 278368 = 2*t + 2*y, -147065 + 703780 = 4*t - 3*y. Suppose -145*f = -138*f - t. Is f a composite number?
True
Let s = 12 - 18. Let v be ((s/4)/3)/((-1)/10). Suppose -906 = -v*r + 609. Is r a composite number?
True
Suppose 0 = -5*l - k + 886286, -8*l + 5*k - 886250 = -13*l. Is l a composite number?
True
Suppose 4*v - 3*i = 13284154, -4*i - 2081837 = -v + 1239208. Is v a prime number?
True
Let t be (220/(-2))/((-10)/20). Is 122190/(-4)*(-88)/t a composite number?
True
Let k(f) = 110*f**3 + 10*f**2 + 32*f + 11. Let i be k(6). Let r = -14384 + i. Is r composite?
True
Let r(p) = 2168*p**3 + 10*p**2 + 34*p - 157. Is r(9) composite?
False
Let u = 295463 - -359390. Is u a composite number?
False
Is (600/(-800) + 1/4)*(-883132)/2 composite?
False
Suppose -357240 + 383181 = -34*v + 727463. Is v prime?
False
Let u(w) = 19*w**3 - 4*w**2 + 3*w - 4. Suppose -3*b - 5*b = -416. Let v be 41/13 + (-8)/b. Is u(v) composite?
True
Suppose 0 = -2*m - 2*c - 8, m + 7*c = 8*c + 4. Suppose m = 26*x - 6*x - 54140. Is x a prime number?
True
Let q be -1503 - 20/(-4 + 9). Let y = q - -3534. Is y composite?
False
Let a(q) = 2*q**3 + 3*q**2 - 8*q + 8. Let b(h) = h**3 - 9*h**2 - 23*h + 16. Suppose 4*p + 27 + 21 = 4*v, -3*p = -v + 14. Let f be b(v). Is a(f) composite?
False
Let i(k) = 223*k**2 - 58*k + 299. Is i(36) a composite number?
False
Let w = 6066 - 3629. Suppose 3*g = 5*q + 71666, q - 97984 = -4*g - w. Is g a composite number?
False
Suppose -7*r - 69 - 15 = 0. Is (-70220)/r*(-2 + 20/4) a prime number?
False
Let a be (-81*9/(-27))/(1/133). Let m = a - -944. Is m prime?
False
Suppose 3422 = 3*c + 5*d, 0 = -2*c - 31*d + 34*d + 2275. Is c a composite number?
True
Let c(p) = p**3 - 8*p**2 + p - 1. Let d be c(8). Let k(x) = 108*x**2 - 17*x. Is k(d) a composite number?
True
Let u = -4244 - -7. Let f = 7844 + u. Is f prime?
True
Let z(c) = -c**2 - 6*c - 2. Let k be z(-4). Let j be (10 + -18)/(-1*k/15). Let x = j + 1437. Is x a prime number?
False
Let l(j) = -j**3 - 15*j**2 + 52*j - 32. Let k be l(-18). Suppose -8 = -2*z, -9*f = -k*f - 3*z - 14623. Is f a composite number?
False
Let j = -558 - -540. Is ((-6)/j*-29)/((-1)/537) prime?
False
Let i = -2488 + 13